-q**3 - 10*q**2 - 18*q - 178. Determine p(-8).
-162
Let m(g) = -5*g**2 - 371*g + 6463. Calculate m(18).
-1835
Let r(t) = -t**3 + 40*t**2 - 3351*t + 124443. Calculate r(38).
-7
Let b(c) = -43743*c + 131240. What is b(3)?
11
Let v(z) = -51*z + 969. Calculate v(0).
969
Let x(i) = -2*i**2 + 231*i + 15486. Calculate x(-48).
-210
Let w(p) = 184*p**2 - 69935*p + 5698. Calculate w(380).
-2
Let x(y) = -2295*y - 1154098. Determine x(-503).
287
Let j(v) = -v**3 - 4*v**2 + 1135*v + 550. Give j(32).
6
Let t(q) = -57*q + 535. What is t(10)?
-35
Let o(v) = -7*v**3 + 683*v**2 - 429*v + 3985. Calculate o(97).
8
Let n(r) = -149*r + 5979. Calculate n(40).
19
Let m(l) = -l**3 - 502*l**2 + 1504*l - 5556. What is m(-505)?
-1
Let w(q) = 5087*q - 305222. Give w(60).
-2
Let n(z) = z**3 + 121*z**2 + 1987*z + 935. Determine n(-19).
4
Let g(r) = 595*r - 238029. What is g(400)?
-29
Let k(x) = -24*x**3 - 286*x**2 + 30*x + 12. Give k(-12).
-60
Let t(a) = -31*a**3 - 272*a**2 - 453*a - 48. Determine t(-2).
18
Let d(i) = -8*i**3 + 36*i**2 + 160*i + 128. Determine d(-1).
12
Let l(z) = 1695*z**2 + 27*z - 3. Determine l(1).
1719
Let k(j) = -24*j**2 - 3497*j - 2487. What is k(-145)?
-22
Let o(d) = d**3 + 23*d**2 - 463*d + 187. Give o(-36).
7
Let d(i) = 899*i - 433. Determine d(1).
466
Let d(b) = -5*b**3 - 1156*b**2 - 395*b - 37467. What is d(-231)?
417
Let i(a) = -a**2 + 969*a - 5783. Calculate i(6).
-5
Let g(p) = 16857*p + 5478517. Calculate g(-325).
-8
Let k(p) = 144*p - 31988. What is k(235)?
1852
Let y(j) = -105*j - 1839. Give y(-18).
51
Let b(u) = -u**2 + 77*u + 13482. Give b(161).
-42
Let m(k) = 27*k**2 - 16140*k + 12553. Determine m(597).
16
Let f(b) = -2*b**3 - 3*b**2 + 81*b - 5. What is f(10)?
-1495
Let y(b) = 4*b**3 - 21*b**2 + 17*b + 17. What is y(4)?
5
Let w(g) = 7*g**3 - 6*g**2 + 12608*g + 12613. Determine w(-1).
-8
Let t(u) = -3*u**2 + 236*u - 3261. Give t(19).
140
Let u(z) = z**3 - 39*z**2 - 90*z + 193. Calculate u(41).
-135
Let l(h) = h**3 - 7761*h**2 + 31028*h + 3. Give l(4).
3
Let i(j) = -j**3 - j**2 + 136*j - 519. Determine i(7).
41
Let u(z) = 58*z**2 - 534*z + 946. Give u(7).
50
Let j(w) = 65*w**2 + 7902*w - 11451. Calculate j(-123).
-12
Let p(b) = -b**3 - 27*b**2 + 127*b - 4. Give p(-30).
-1114
Let a(t) = -t**3 + 71*t - 18. What is a(-9)?
72
Let x(y) = 6*y**3 + 252*y**2 + 2432*y + 107. Calculate x(-27).
53
Let k(y) = 82432*y + 1648631. Give k(-20).
-9
Let f(y) = -121161*y + 363482. Calculate f(3).
-1
Let v(b) = -28*b**3 + 301*b**2 - 20*b + 106. Calculate v(11).
-961
Let t(n) = n**3 - 38*n**2 + 324*n - 71. Determine t(29).
1756
Let a(c) = c**3 - 59*c**2 + 514*c + 4174. What is a(-5)?
4
Let u(n) = 352511*n + 45826426. Determine u(-130).
-4
Let f(b) = b**2 + 27173*b - 81518. Calculate f(3).
10
Let b(j) = -6*j**3 + 28*j**2 - 45*j + 336. Calculate b(4).
220
Let w(q) = -5*q**3 + 1351*q**2 - 1621*q + 1848. Give w(269).
-35
Let v(u) = -u**3 - 51*u**2 + 107*u - 167. What is v(-53)?
-220
Let q(k) = 42*k**3 - 544*k**2 + 8*k - 7. What is q(13)?
435
Let v(n) = 279*n - 121345. Calculate v(435).
20
Let y(i) = -3*i**2 + 3573*i - 107920. Determine y(31).
-40
Let f(d) = -15*d**3 + 3*d**2 - 93*d + 280. Determine f(3).
-377
Let o(b) = -b**3 - 75*b**2 - 3415*b - 230257. Calculate o(-72).
71
Let u(h) = -3*h**2 - 13866*h - 69261. Give u(-5).
-6
Let f(l) = -33436*l - 66554. Give f(-2).
318
Let i(z) = -2360*z + 49526. What is i(21)?
-34
Let m(v) = -859*v + 38656. Give m(45).
1
Let n(m) = 4400*m - 3322003. What is n(755)?
-3
Let q(l) = 60*l**3 + 116*l**2 + 14*l + 4. What is q(-2)?
-40
Let t(v) = v**3 - 92*v**2 - 128*v + 2977. Determine t(93).
-278
Let o(a) = -199*a**3 + a**2 - 16*a + 40. Calculate o(2).
-1580
Let m(d) = d**3 - 160*d**2 + 337*d - 2175. Calculate m(158).
1143
Let u(s) = -s**3 - 98*s**2 + 75*s - 2288. What is u(-99)?
88
Let d(h) = 3459*h + 20565. Give d(-6).
-189
Let j(r) = 17*r**3 - 460*r**2 + 473*r - 127. Calculate j(26).
3
Let j(t) = -t**2 + 229*t + 5295. Determine j(-22).
-227
Let s(t) = -t**2 + 1036*t + 368. What is s(0)?
368
Let c(d) = 5*d**3 - 39*d**2 - 328*d - 577. Give c(-6).
-1093
Let d(n) = 333294*n + 1999769. Calculate d(-6).
5
Let h(j) = 2*j**2 - 372*j + 4480. Determine h(173).
-18
Let v(u) = -u**2 + 13734*u + 219989. Determine v(-16).
-11
Let b(a) = a**2 - 120998*a + 3749980. Give b(31).
3
Let s(v) = -2*v**3 + 1110*v**2 + 6685*v + 26366. Calculate s(561).
-1
Let w(m) = 1878*m**2 + 862002*m - 2. What is w(-459)?
-2
Let i(m) = m**2 + 6940*m + 2609851. Determine i(-399).
-8
Let j(n) = n**3 - 406*n**2 + 2547*n - 1034080. Give j(406).
2
Let l(b) = -b**3 + 13*b**2 + 2808*b + 747. Give l(60).
27
Let k(p) = -2445*p + 17784. Determine k(7).
669
Let u(c) = -c**3 - 57*c**2 + 752*c + 208. What is u(-68)?
-64
Let b(v) = -428*v + 115921. What is b(271)?
-67
Let v(o) = -3*o**2 + 567*o - 23633. Give v(62).
-11
Let l(j) = 3*j**3 - 388*j**2 + 137*j - 1313. What is l(129)?
-281
Let g(m) = -1281*m + 266452. Calculate g(208).
4
Let y(p) = p**3 - 6*p**2 - 122*p + 893. Calculate y(13).
490
Let g(z) = 2*z**2 - 24*z - 16792. Calculate g(-89).
1186
Let c(g) = -2*g**3 + 39*g**2 + 1419*g - 347. What is c(38)?
147
Let m(u) = 7*u**3 - 988*u**2 + 118*u + 3301. Calculate m(141).
58
Let h(v) = 4*v**3 + 189*v**2 - 341*v + 324. Calculate h(-49).
226
Let p(w) = -12*w**2 - 89615*w + 89616. Give p(1).
-11
Let w(g) = -g**2 + 94*g + 42. Determine w(-3).
-249
Let b(o) = -o**3 + 73*o**2 - 119*o + 26378. What is b(76)?
6
Let x(t) = -14*t**2 - 1899*t - 19227. Calculate x(-11).
-32
Let y(n) = 3583*n - 57307. Calculate y(16).
21
Let a(r) = -198*r**2 - 20968*r + 2116. What is a(-106)?
-4
Let d(v) = 8*v**3 - 19*v**2 + 43*v - 104. Give d(3).
70
Let j(u) = 2453*u + 21875. What is j(-9)?
-202
Let x(v) = 627156*v - 11915897. Give x(19).
67
Let v(s) = -23*s**3 - 3931*s**2 + 244*s - 16751. What is v(-171)?
7
Let h(c) = -6403*c - 38471. What is h(-6)?
-53
Let b(a) = -a**3 - 24*a**2 - 565*a - 13602. What is b(-24)?
-42
Let v(n) = -538*n + 27423. Determine v(51).
-15
Let p(f) = 445*f + 10418. Calculate p(-24).
-262
Let r(m) = -4*m**2 - 170*m + 3180. What is r(-58)?
-416
Let u(m) = 22*m**2 + 1039*m - 896. What is u(-48)?
-80
Let m(t) = 5*t**2 + 2073*t + 52319. Calculate m(-27).
-7
Let a(i) = -1488*i + 153217. Calculate a(103).
-47
Let u(i) = 2*i**2 - 91*i - 11217. Calculate u(100).
-317
Let r(c) = -4*c**2 - 4441*c - 367292. Give r(-90).
-2
Let y(h) = -56000*h - 280345. What is y(-5)?
-345
Let g(s) = -8*s**3 + 34*s**2 - 22*s + 108. Calculate g(8).
-1988
Let t(b) = -376*b + 72233. What is t(192)?
41
Let i(x) = x**3 + 4*x**2 - 690*x - 4876. Determine i(-7).
-193
Let u(l) = 82*l - 5693. Give u(67).
-199
Let f(r) = 15767*r - 141819. What is f(9)?
84
Let u(d) = -6924*d + 194493. Give u(28).
621
Let p(x) = 2030*x + 129291. Determine p(-64).
-629
Let n(o) = 309*o**3 - 29*o**2 - 285*o - 258. Determine n(-1).
-311
Let c(h) = -567*h - 24484. Give c(-43).
-103
Let u(i) = 1452*i - 165517. Calculate u(114).
11
Let a(w) = 12392*w + 2465955. Determine a(-199).
-53
Let s(w) = -3362*w + 23727. Calculate s(7).
193
Let b(t) = -4*t**2 + 3154*t + 31943. What is b(-10)?
3
Let j(b) = b**3 + 25*b**2 + 338*b + 8819. Give j(-30).
-5821
Let r(p) = -184*p - 6862. Give r(-37).
-54
Let n(z) = -764*z**3 - 86*z**2 + 88*z - 3. Determine n(1).
-765
Let k(u) = -2437*u - 845635. Determine k(-347).
4
Let y(n) = -7*n**2 + 1946*n + 19417. What is y(-10)?
-743
Let a(i) = 1399*i + 102451. Determine a(-73).
324
Let d(x) = 12*x**3 - 5988*x**2 + 5*x - 2477. Determine d(499).
18
Let p(k) = 3*k**2 - 14896*k - 44697. Determine p(-3).
18
Let v(n) = n**3 - 11*n**2 - 344*n + 6. Give v(24).
-762
Let b(p) = 188*p - 40495. Calculate b(200).
-2895
Let r(k) = -12*k**2 + 647*k + 3800. Give r(59).
201
Let o(x) = 607*x**2 + 431*x - 439. Calculate o(1).
599
Let y(z) = -2*z**2 + 352*z - 3697. What is y(11)?
-67
Let w(o) = 652*o + 267299. What is w(-410)?
-21
Let c(b) = b**3 - 69*b**2 + 91*b - 1772. Calculate c(68).
-208
Let d(b) = -58*b**3 + 1335*b**2 - 273*b + 5780. Give d(23).
30
Let h(q) = -599*q - 38210. Determine h(-64).
126
Let a(b) = -5*b**2 + 299*b - 59. What is a(62)?
-741
Let l(d) = -d**3 - 25*d**2 + 213*d + 4242. Determine l(-27).
-51
Let w(k) = -k**3 - 161*k**2 + 153*k - 1447. Determine w(-162).
11
Let i(s) = s**3 - 8*s**2 - 1856*s + 24743. What is i(14)?
-6